{"id":7,"date":"2024-09-17T18:24:07","date_gmt":"2024-09-17T18:24:07","guid":{"rendered":"https:\/\/neg.cl\/?page_id=7"},"modified":"2025-07-15T00:01:56","modified_gmt":"2025-07-15T00:01:56","slug":"servicios-electricos","status":"publish","type":"page","link":"https:\/\/neg.cl\/","title":{"rendered":"Inicio"},"content":{"rendered":"\t\t<div data-elementor-type=\"wp-page\" data-elementor-id=\"7\" class=\"elementor elementor-7\">\n\t\t\t\t<div class=\"elementor-element elementor-element-0acd004 e-flex e-con-boxed e-con e-parent\" data-id=\"0acd004\" data-element_type=\"container\" data-e-type=\"container\" data-settings=\"{&quot;background_background&quot;:&quot;slideshow&quot;,&quot;background_slideshow_gallery&quot;:[{&quot;id&quot;:235,&quot;url&quot;:&quot;https:\\\/\\\/neg.cl\\\/wp-content\\\/uploads\\\/2024\\\/10\\\/electrico-m1-instalador-min4.webp&quot;},{&quot;id&quot;:242,&quot;url&quot;:&quot;https:\\\/\\\/neg.cl\\\/wp-content\\\/uploads\\\/2024\\\/10\\\/banner-servicios-electricos.webp&quot;},{&quot;id&quot;:73,&quot;url&quot;:&quot;https:\\\/\\\/neg.cl\\\/wp-content\\\/uploads\\\/2024\\\/09\\\/electrico-banner-1200.jpg&quot;}],&quot;background_slideshow_slide_transition&quot;:&quot;slide_right&quot;,&quot;background_slideshow_loop&quot;:&quot;yes&quot;,&quot;background_slideshow_slide_duration&quot;:5000,&quot;background_slideshow_transition_duration&quot;:500}\">\n\t\t\t\t\t<div class=\"e-con-inner\">\n\t\t\t\t\t<\/div>\n\t\t\t\t<\/div>\n\t\t<div class=\"elementor-element elementor-element-23917cc e-flex e-con-boxed e-con e-parent\" data-id=\"23917cc\" data-element_type=\"container\" data-e-type=\"container\" data-settings=\"{&quot;background_background&quot;:&quot;classic&quot;}\">\n\t\t\t\t\t<div class=\"e-con-inner\">\n\t\t<div class=\"elementor-element elementor-element-1687a0f e-con-full e-flex e-con e-child\" data-id=\"1687a0f\" data-element_type=\"container\" data-e-type=\"container\">\n\t\t\t\t<div class=\"elementor-element elementor-element-9fa09dd elementor-widget elementor-widget-heading\" data-id=\"9fa09dd\" data-element_type=\"widget\" data-e-type=\"widget\" data-widget_type=\"heading.default\">\n\t\t\t\t<div class=\"elementor-widget-container\">\n\t\t\t\t\t<h2 class=\"elementor-heading-title elementor-size-default\">Nuestros \nServicios<\/h2>\t\t\t\t<\/div>\n\t\t\t\t<\/div>\n\t\t\t\t<div class=\"elementor-element elementor-element-830a385 elementor-widget-divider--view-line elementor-widget elementor-widget-divider\" data-id=\"830a385\" data-element_type=\"widget\" data-e-type=\"widget\" data-widget_type=\"divider.default\">\n\t\t\t\t<div class=\"elementor-widget-container\">\n\t\t\t\t\t\t\t<div class=\"elementor-divider\">\n\t\t\t<span class=\"elementor-divider-separator\">\n\t\t\t\t\t\t<\/span>\n\t\t<\/div>\n\t\t\t\t\t\t<\/div>\n\t\t\t\t<\/div>\n\t\t\t\t<div class=\"elementor-element elementor-element-7c464d0 elementor-widget elementor-widget-text-editor\" data-id=\"7c464d0\" data-element_type=\"widget\" data-e-type=\"widget\" data-widget_type=\"text-editor.default\">\n\t\t\t\t<div class=\"elementor-widget-container\">\n\t\t\t\t\t\t\t\t\t<p>Realizamos trabajos de ingenier\u00eda el\u00e9ctrica en toda la Regi\u00f3n de los Lagos.<\/p>\t\t\t\t\t\t\t\t<\/div>\n\t\t\t\t<\/div>\n\t\t\t\t<div class=\"elementor-element elementor-element-2368ccf elementor-mobile-align-center elementor-widget elementor-widget-button\" data-id=\"2368ccf\" data-element_type=\"widget\" data-e-type=\"widget\" data-widget_type=\"button.default\">\n\t\t\t\t<div class=\"elementor-widget-container\">\n\t\t\t\t\t\t\t\t\t<div class=\"elementor-button-wrapper\">\n\t\t\t\t\t<a class=\"elementor-button elementor-button-link elementor-size-sm\" href=\"https:\/\/neg.cl\/index.php\/contacto\/\">\n\t\t\t\t\t\t<span class=\"elementor-button-content-wrapper\">\n\t\t\t\t\t\t\t\t\t<span class=\"elementor-button-text\">Contacten\u00f3s<\/span>\n\t\t\t\t\t<\/span>\n\t\t\t\t\t<\/a>\n\t\t\t\t<\/div>\n\t\t\t\t\t\t\t\t<\/div>\n\t\t\t\t<\/div>\n\t\t\t\t<\/div>\n\t\t<div class=\"elementor-element elementor-element-5316ce8 e-con-full e-flex e-con e-child\" data-id=\"5316ce8\" data-element_type=\"container\" data-e-type=\"container\">\n\t\t\t\t<div class=\"elementor-element elementor-element-5ce7c38 elementor-widget elementor-widget-heading\" data-id=\"5ce7c38\" data-element_type=\"widget\" data-e-type=\"widget\" data-widget_type=\"heading.default\">\n\t\t\t\t<div class=\"elementor-widget-container\">\n\t\t\t\t\t<h2 class=\"elementor-heading-title elementor-size-default\">Certificaci\u00f3n SEC<\/h2>\t\t\t\t<\/div>\n\t\t\t\t<\/div>\n\t\t\t\t<div class=\"elementor-element elementor-element-ffbb5cc elementor-widget-divider--view-line elementor-widget elementor-widget-divider\" data-id=\"ffbb5cc\" data-element_type=\"widget\" data-e-type=\"widget\" data-widget_type=\"divider.default\">\n\t\t\t\t<div class=\"elementor-widget-container\">\n\t\t\t\t\t\t\t<div class=\"elementor-divider\">\n\t\t\t<span class=\"elementor-divider-separator\">\n\t\t\t\t\t\t<\/span>\n\t\t<\/div>\n\t\t\t\t\t\t<\/div>\n\t\t\t\t<\/div>\n\t\t\t\t<div class=\"elementor-element elementor-element-d23f28d elementor-widget elementor-widget-text-editor\" data-id=\"d23f28d\" data-element_type=\"widget\" data-e-type=\"widget\" data-widget_type=\"text-editor.default\">\n\t\t\t\t<div class=\"elementor-widget-container\">\n\t\t\t\t\t\t\t\t\t<p>Como empresa contamos con nuestra respectiva certificaci\u00f3n SEC que nos avala como instaladores autorizados.<strong><br \/><\/strong><\/p><p>Puede revisar nuestra licencia aqu\u00ed.<\/p>\t\t\t\t\t\t\t\t<\/div>\n\t\t\t\t<\/div>\n\t\t\t\t<div class=\"elementor-element elementor-element-6d0865e elementor-button-info elementor-mobile-align-center elementor-widget elementor-widget-button\" data-id=\"6d0865e\" data-element_type=\"widget\" data-e-type=\"widget\" data-widget_type=\"button.default\">\n\t\t\t\t<div class=\"elementor-widget-container\">\n\t\t\t\t\t\t\t\t\t<div class=\"elementor-button-wrapper\">\n\t\t\t\t\t<a class=\"elementor-button elementor-button-link elementor-size-sm\" href=\"https:\/\/neg.cl\/wp-content\/uploads\/2024\/10\/licencia-instalador-electrico-certificado.pdf\" download=\"\">\n\t\t\t\t\t\t<span class=\"elementor-button-content-wrapper\">\n\t\t\t\t\t\t<span class=\"elementor-button-icon\">\n\t\t\t\t<svg aria-hidden=\"true\" class=\"e-font-icon-svg e-far-arrow-alt-circle-down\" viewBox=\"0 0 512 512\" xmlns=\"http:\/\/www.w3.org\/2000\/svg\"><path d=\"M256 8C119 8 8 119 8 256s111 248 248 248 248-111 248-248S393 8 256 8zm0 448c-110.5 0-200-89.5-200-200S145.5 56 256 56s200 89.5 200 200-89.5 200-200 200zm-32-316v116h-67c-10.7 0-16 12.9-8.5 20.5l99 99c4.7 4.7 12.3 4.7 17 0l99-99c7.6-7.6 2.2-20.5-8.5-20.5h-67V140c0-6.6-5.4-12-12-12h-40c-6.6 0-12 5.4-12 12z\"><\/path><\/svg>\t\t\t<\/span>\n\t\t\t\t\t\t\t\t\t<span class=\"elementor-button-text\">Certificaci\u00f3n SEC<\/span>\n\t\t\t\t\t<\/span>\n\t\t\t\t\t<\/a>\n\t\t\t\t<\/div>\n\t\t\t\t\t\t\t\t<\/div>\n\t\t\t\t<\/div>\n\t\t\t\t<\/div>\n\t\t\t\t\t<\/div>\n\t\t\t\t<\/div>\n\t\t<div class=\"elementor-element elementor-element-88d7587 e-grid e-con-boxed e-con e-parent\" data-id=\"88d7587\" data-element_type=\"container\" data-e-type=\"container\">\n\t\t\t\t\t<div class=\"e-con-inner\">\n\t\t\t\t<div class=\"elementor-element elementor-element-fb1b1c3 elementor-position-top elementor-widget elementor-widget-image-box\" data-id=\"fb1b1c3\" data-element_type=\"widget\" data-e-type=\"widget\" data-widget_type=\"image-box.default\">\n\t\t\t\t<div class=\"elementor-widget-container\">\n\t\t\t\t\t<div class=\"elementor-image-box-wrapper\"><figure class=\"elementor-image-box-img\"><img fetchpriority=\"high\" decoding=\"async\" width=\"300\" height=\"300\" src=\"https:\/\/neg.cl\/wp-content\/uploads\/2024\/10\/Proyectos-Electricos-industrial-OFF-300x300.webp\" class=\"attachment-medium size-medium wp-image-140\" alt=\"\" srcset=\"https:\/\/neg.cl\/wp-content\/uploads\/2024\/10\/Proyectos-Electricos-industrial-OFF-300x300.webp 300w, https:\/\/neg.cl\/wp-content\/uploads\/2024\/10\/Proyectos-Electricos-industrial-OFF-150x150.webp 150w, https:\/\/neg.cl\/wp-content\/uploads\/2024\/10\/Proyectos-Electricos-industrial-OFF.webp 500w\" sizes=\"(max-width: 300px) 100vw, 300px\" \/><\/figure><div class=\"elementor-image-box-content\"><h3 class=\"elementor-image-box-title\">Proyectos<\/h3><p class=\"elementor-image-box-description\">Proyectos El\u00e9ctricos industrial.\n comercial y residencial.<\/p><\/div><\/div>\t\t\t\t<\/div>\n\t\t\t\t<\/div>\n\t\t\t\t<div class=\"elementor-element elementor-element-a3f9691 elementor-position-top elementor-widget elementor-widget-image-box\" data-id=\"a3f9691\" data-element_type=\"widget\" data-e-type=\"widget\" data-widget_type=\"image-box.default\">\n\t\t\t\t<div class=\"elementor-widget-container\">\n\t\t\t\t\t<div class=\"elementor-image-box-wrapper\"><figure class=\"elementor-image-box-img\"><img decoding=\"async\" width=\"300\" height=\"300\" src=\"https:\/\/neg.cl\/wp-content\/uploads\/2024\/10\/Inspeccion-a-instalacion-electrica-on-300x300.webp\" class=\"attachment-medium size-medium wp-image-144\" alt=\"\" srcset=\"https:\/\/neg.cl\/wp-content\/uploads\/2024\/10\/Inspeccion-a-instalacion-electrica-on-300x300.webp 300w, https:\/\/neg.cl\/wp-content\/uploads\/2024\/10\/Inspeccion-a-instalacion-electrica-on-150x150.webp 150w, https:\/\/neg.cl\/wp-content\/uploads\/2024\/10\/Inspeccion-a-instalacion-electrica-on.webp 500w\" sizes=\"(max-width: 300px) 100vw, 300px\" \/><\/figure><div class=\"elementor-image-box-content\"><h3 class=\"elementor-image-box-title\">Inspecci\u00f3n<\/h3><p class=\"elementor-image-box-description\">Inspecci\u00f3n a instalaci\u00f3n el\u00e9ctrica existente<\/p><\/div><\/div>\t\t\t\t<\/div>\n\t\t\t\t<\/div>\n\t\t\t\t<div class=\"elementor-element elementor-element-64234cf elementor-position-top elementor-widget elementor-widget-image-box\" data-id=\"64234cf\" data-element_type=\"widget\" data-e-type=\"widget\" data-widget_type=\"image-box.default\">\n\t\t\t\t<div class=\"elementor-widget-container\">\n\t\t\t\t\t<div class=\"elementor-image-box-wrapper\"><figure class=\"elementor-image-box-img\"><img decoding=\"async\" width=\"500\" height=\"500\" src=\"https:\/\/neg.cl\/wp-content\/uploads\/2024\/10\/empalme-on.webp\" class=\"attachment-full size-full wp-image-146\" alt=\"\" srcset=\"https:\/\/neg.cl\/wp-content\/uploads\/2024\/10\/empalme-on.webp 500w, https:\/\/neg.cl\/wp-content\/uploads\/2024\/10\/empalme-on-300x300.webp 300w, https:\/\/neg.cl\/wp-content\/uploads\/2024\/10\/empalme-on-150x150.webp 150w\" sizes=\"(max-width: 500px) 100vw, 500px\" \/><\/figure><div class=\"elementor-image-box-content\"><h3 class=\"elementor-image-box-title\">Empalme <\/h3><p class=\"elementor-image-box-description\">Empalmes el\u00e9ctricos en BT<\/p><\/div><\/div>\t\t\t\t<\/div>\n\t\t\t\t<\/div>\n\t\t\t\t<div class=\"elementor-element elementor-element-78a91a7 elementor-position-top elementor-widget elementor-widget-image-box\" data-id=\"78a91a7\" data-element_type=\"widget\" data-e-type=\"widget\" data-widget_type=\"image-box.default\">\n\t\t\t\t<div class=\"elementor-widget-container\">\n\t\t\t\t\t<div class=\"elementor-image-box-wrapper\"><figure class=\"elementor-image-box-img\"><img loading=\"lazy\" decoding=\"async\" width=\"300\" height=\"300\" src=\"https:\/\/neg.cl\/wp-content\/uploads\/2024\/10\/industrial-on-300x300.webp\" class=\"attachment-medium size-medium wp-image-148\" alt=\"\" srcset=\"https:\/\/neg.cl\/wp-content\/uploads\/2024\/10\/industrial-on-300x300.webp 300w, https:\/\/neg.cl\/wp-content\/uploads\/2024\/10\/industrial-on-150x150.webp 150w, https:\/\/neg.cl\/wp-content\/uploads\/2024\/10\/industrial-on.webp 500w\" sizes=\"(max-width: 300px) 100vw, 300px\" \/><\/figure><div class=\"elementor-image-box-content\"><h3 class=\"elementor-image-box-title\">Automatizaci\u00f3n<\/h3><p class=\"elementor-image-box-description\">Automatizaci\u00f3n industrial<\/p><\/div><\/div>\t\t\t\t<\/div>\n\t\t\t\t<\/div>\n\t\t\t\t<div class=\"elementor-element elementor-element-e4f5d82 elementor-position-top elementor-widget elementor-widget-image-box\" data-id=\"e4f5d82\" data-element_type=\"widget\" data-e-type=\"widget\" data-widget_type=\"image-box.default\">\n\t\t\t\t<div class=\"elementor-widget-container\">\n\t\t\t\t\t<div class=\"elementor-image-box-wrapper\"><figure class=\"elementor-image-box-img\"><img loading=\"lazy\" decoding=\"async\" width=\"500\" height=\"500\" src=\"https:\/\/neg.cl\/wp-content\/uploads\/2024\/10\/riego-automatico-off.webp\" class=\"attachment-full size-full wp-image-154\" alt=\"\" srcset=\"https:\/\/neg.cl\/wp-content\/uploads\/2024\/10\/riego-automatico-off.webp 500w, https:\/\/neg.cl\/wp-content\/uploads\/2024\/10\/riego-automatico-off-300x300.webp 300w, https:\/\/neg.cl\/wp-content\/uploads\/2024\/10\/riego-automatico-off-150x150.webp 150w\" sizes=\"(max-width: 500px) 100vw, 500px\" \/><\/figure><div class=\"elementor-image-box-content\"><h3 class=\"elementor-image-box-title\">Riego <\/h3><p class=\"elementor-image-box-description\">Riego automatizado<\/p><\/div><\/div>\t\t\t\t<\/div>\n\t\t\t\t<\/div>\n\t\t\t\t<div class=\"elementor-element elementor-element-4c18388 elementor-position-top elementor-widget elementor-widget-image-box\" data-id=\"4c18388\" data-element_type=\"widget\" data-e-type=\"widget\" data-widget_type=\"image-box.default\">\n\t\t\t\t<div class=\"elementor-widget-container\">\n\t\t\t\t\t<div class=\"elementor-image-box-wrapper\"><figure class=\"elementor-image-box-img\"><img loading=\"lazy\" decoding=\"async\" width=\"300\" height=\"300\" src=\"https:\/\/neg.cl\/wp-content\/uploads\/2024\/10\/iluminacion-on-300x300.webp\" class=\"attachment-medium size-medium wp-image-156\" alt=\"\" srcset=\"https:\/\/neg.cl\/wp-content\/uploads\/2024\/10\/iluminacion-on-300x300.webp 300w, https:\/\/neg.cl\/wp-content\/uploads\/2024\/10\/iluminacion-on-150x150.webp 150w, https:\/\/neg.cl\/wp-content\/uploads\/2024\/10\/iluminacion-on.webp 500w\" sizes=\"(max-width: 300px) 100vw, 300px\" \/><\/figure><div class=\"elementor-image-box-content\"><h3 class=\"elementor-image-box-title\">Iluminaci\u00f3n <\/h3><p class=\"elementor-image-box-description\">Estudio de iluminaci\u00f3n<\/p><\/div><\/div>\t\t\t\t<\/div>\n\t\t\t\t<\/div>\n\t\t\t\t\t<\/div>\n\t\t\t\t<\/div>\n\t\t<div class=\"elementor-element elementor-element-5bec939 e-grid e-con-boxed e-con e-parent\" data-id=\"5bec939\" data-element_type=\"container\" data-e-type=\"container\">\n\t\t\t\t\t<div class=\"e-con-inner\">\n\t\t\t\t<div class=\"elementor-element elementor-element-a75eba4 elementor-position-top elementor-widget elementor-widget-image-box\" data-id=\"a75eba4\" data-element_type=\"widget\" data-e-type=\"widget\" data-widget_type=\"image-box.default\">\n\t\t\t\t<div class=\"elementor-widget-container\">\n\t\t\t\t\t<div class=\"elementor-image-box-wrapper\"><figure class=\"elementor-image-box-img\"><img loading=\"lazy\" decoding=\"async\" width=\"300\" height=\"300\" src=\"https:\/\/neg.cl\/wp-content\/uploads\/2024\/10\/CALEFACCION-OFF-300x300.webp\" class=\"attachment-medium size-medium wp-image-160\" alt=\"\" srcset=\"https:\/\/neg.cl\/wp-content\/uploads\/2024\/10\/CALEFACCION-OFF-300x300.webp 300w, https:\/\/neg.cl\/wp-content\/uploads\/2024\/10\/CALEFACCION-OFF-150x150.webp 150w, https:\/\/neg.cl\/wp-content\/uploads\/2024\/10\/CALEFACCION-OFF.webp 500w\" sizes=\"(max-width: 300px) 100vw, 300px\" \/><\/figure><div class=\"elementor-image-box-content\"><h3 class=\"elementor-image-box-title\">Sistemas<\/h3><p class=\"elementor-image-box-description\"> Sistema de calefacci\u00f3n<\/p><\/div><\/div>\t\t\t\t<\/div>\n\t\t\t\t<\/div>\n\t\t\t\t<div class=\"elementor-element elementor-element-730985a elementor-position-top elementor-widget elementor-widget-image-box\" data-id=\"730985a\" data-element_type=\"widget\" data-e-type=\"widget\" data-widget_type=\"image-box.default\">\n\t\t\t\t<div class=\"elementor-widget-container\">\n\t\t\t\t\t<div class=\"elementor-image-box-wrapper\"><figure class=\"elementor-image-box-img\"><img loading=\"lazy\" decoding=\"async\" width=\"300\" height=\"300\" src=\"https:\/\/neg.cl\/wp-content\/uploads\/2024\/10\/seguridad-off-300x300.webp\" class=\"attachment-medium size-medium wp-image-162\" alt=\"\" srcset=\"https:\/\/neg.cl\/wp-content\/uploads\/2024\/10\/seguridad-off-300x300.webp 300w, https:\/\/neg.cl\/wp-content\/uploads\/2024\/10\/seguridad-off-150x150.webp 150w, https:\/\/neg.cl\/wp-content\/uploads\/2024\/10\/seguridad-off.webp 500w\" sizes=\"(max-width: 300px) 100vw, 300px\" \/><\/figure><div class=\"elementor-image-box-content\"><h3 class=\"elementor-image-box-title\">Seguridad<\/h3><p class=\"elementor-image-box-description\"> Sistema de seguridad<\/p><\/div><\/div>\t\t\t\t<\/div>\n\t\t\t\t<\/div>\n\t\t\t\t<div class=\"elementor-element elementor-element-be7834d elementor-position-top elementor-widget elementor-widget-image-box\" data-id=\"be7834d\" data-element_type=\"widget\" data-e-type=\"widget\" data-widget_type=\"image-box.default\">\n\t\t\t\t<div class=\"elementor-widget-container\">\n\t\t\t\t\t<div class=\"elementor-image-box-wrapper\"><figure class=\"elementor-image-box-img\"><img loading=\"lazy\" decoding=\"async\" width=\"500\" height=\"500\" src=\"https:\/\/neg.cl\/wp-content\/uploads\/2024\/10\/seguridad-on.webp\" class=\"attachment-full size-full wp-image-163\" alt=\"\" srcset=\"https:\/\/neg.cl\/wp-content\/uploads\/2024\/10\/seguridad-on.webp 500w, https:\/\/neg.cl\/wp-content\/uploads\/2024\/10\/seguridad-on-300x300.webp 300w, https:\/\/neg.cl\/wp-content\/uploads\/2024\/10\/seguridad-on-150x150.webp 150w\" sizes=\"(max-width: 500px) 100vw, 500px\" \/><\/figure><div class=\"elementor-image-box-content\"><h3 class=\"elementor-image-box-title\">Estudios<\/h3><p class=\"elementor-image-box-description\">Estudio termogr\u00e1fico<\/p><\/div><\/div>\t\t\t\t<\/div>\n\t\t\t\t<\/div>\n\t\t\t\t\t<\/div>\n\t\t\t\t<\/div>\n\t\t\t\t<\/div>\n\t\t","protected":false},"excerpt":{"rendered":"<p>Nuestros Servicios Realizamos trabajos de ingenier\u00eda el\u00e9ctrica en toda la Regi\u00f3n de los Lagos. Contacten\u00f3s Certificaci\u00f3n SEC Como empresa contamos [&hellip;]<\/p>\n","protected":false},"author":1,"featured_media":0,"parent":0,"menu_order":0,"comment_status":"closed","ping_status":"closed","template":"","meta":{"site-sidebar-layout":"no-sidebar","site-content-layout":"plain-container","ast-site-content-layout":"full-width-container","site-content-style":"default","site-sidebar-style":"default","ast-global-header-display":"","ast-banner-title-visibility":"","ast-main-header-display":"","ast-hfb-above-header-display":"","ast-hfb-below-header-display":"","ast-hfb-mobile-header-display":"","site-post-title":"disabled","ast-breadcrumbs-content":"","ast-featured-img":"disabled","footer-sml-layout":"","theme-transparent-header-meta":"enabled","adv-header-id-meta":"","stick-header-meta":"","header-above-stick-meta":"","header-main-stick-meta":"","header-below-stick-meta":"","astra-migrate-meta-layouts":"default","ast-page-background-enabled":"default","ast-page-background-meta":{"desktop":{"background-color":"var(--ast-global-color-4)","background-image":"","background-repeat":"repeat","background-position":"center center","background-size":"auto","background-attachment":"scroll","background-type":"","background-media":"","overlay-type":"","overlay-color":"","overlay-opacity":"","overlay-gradient":""},"tablet":{"background-color":"","background-image":"","background-repeat":"repeat","background-position":"center center","background-size":"auto","background-attachment":"scroll","background-type":"","background-media":"","overlay-type":"","overlay-color":"","overlay-opacity":"","overlay-gradient":""},"mobile":{"background-color":"","background-image":"","background-repeat":"repeat","background-position":"center center","background-size":"auto","background-attachment":"scroll","background-type":"","background-media":"","overlay-type":"","overlay-color":"","overlay-opacity":"","overlay-gradient":""}},"ast-content-background-meta":{"desktop":{"background-color":"var(--ast-global-color-5)","background-image":"","background-repeat":"repeat","background-position":"center center","background-size":"auto","background-attachment":"scroll","background-type":"","background-media":"","overlay-type":"","overlay-color":"","overlay-opacity":"","overlay-gradient":""},"tablet":{"background-color":"var(--ast-global-color-5)","background-image":"","background-repeat":"repeat","background-position":"center center","background-size":"auto","background-attachment":"scroll","background-type":"","background-media":"","overlay-type":"","overlay-color":"","overlay-opacity":"","overlay-gradient":""},"mobile":{"background-color":"var(--ast-global-color-5)","background-image":"","background-repeat":"repeat","background-position":"center center","background-size":"auto","background-attachment":"scroll","background-type":"","background-media":"","overlay-type":"","overlay-color":"","overlay-opacity":"","overlay-gradient":""}},"footnotes":""},"class_list":["post-7","page","type-page","status-publish","hentry"],"_links":{"self":[{"href":"https:\/\/neg.cl\/index.php\/wp-json\/wp\/v2\/pages\/7","targetHints":{"allow":["GET"]}}],"collection":[{"href":"https:\/\/neg.cl\/index.php\/wp-json\/wp\/v2\/pages"}],"about":[{"href":"https:\/\/neg.cl\/index.php\/wp-json\/wp\/v2\/types\/page"}],"author":[{"embeddable":true,"href":"https:\/\/neg.cl\/index.php\/wp-json\/wp\/v2\/users\/1"}],"replies":[{"embeddable":true,"href":"https:\/\/neg.cl\/index.php\/wp-json\/wp\/v2\/comments?post=7"}],"version-history":[{"count":155,"href":"https:\/\/neg.cl\/index.php\/wp-json\/wp\/v2\/pages\/7\/revisions"}],"predecessor-version":[{"id":712,"href":"https:\/\/neg.cl\/index.php\/wp-json\/wp\/v2\/pages\/7\/revisions\/712"}],"wp:attachment":[{"href":"https:\/\/neg.cl\/index.php\/wp-json\/wp\/v2\/media?parent=7"}],"curies":[{"name":"wp","href":"https:\/\/api.w.org\/{rel}","templated":true}]}}